{"id":560,"date":"2016-02-03T08:35:53","date_gmt":"2016-02-03T08:35:53","guid":{"rendered":"http:\/\/mosir.gizycko.pl\/?page_id=560"},"modified":"2016-02-03T08:35:53","modified_gmt":"2016-02-03T08:35:53","slug":"regulamin-ekomariny","status":"publish","type":"page","link":"https:\/\/mosir.gizycko.pl\/?page_id=560","title":{"rendered":"Regulamin Ekomariny"},"content":{"rendered":"<p>Za\u0142\u0105cznik do Uchwa\u0142y  nr IX\/35\/11 Rady Miejskiej w Gi\u017cycku<br \/>\nz dnia 27 kwietnia 2011 roku<\/p>\n<p>REGULAMIN EKOMARINY GI\u017bYCKO<br \/>\n 1.      W\u0142a\u015bcicielem portu jest Gmina Miejska Gi\u017cycko a zarz\u0105dzaj\u0105cym &#8211; Miejski O\u015brodek Sportu i Rekreacji w Gi\u017cycku.<\/p>\n<p>2.      Prawid\u0142owym funkcjonowaniem portu oraz jego dozorem w zakresie bezpiecze\u0144stwa, \u0142adu i porz\u0105dku kieruje Kierownik Ekomariny z pomoc\u0105 bosmana (Kapitanat Portu).<\/p>\n<p>3.      Osoby przebywaj\u0105ce na terenie portu zobowi\u0105zane s\u0105 do stosowania si\u0119 do polece\u0144 obs\u0142ugi portu w zakresie bezpiecze\u0144stwa i utrzymania porz\u0105dku.<\/p>\n<p>4.      Wej\u015bcie do \/ wyj\u015bcie z portu oraz post\u00f3j w porcie jacht\u00f3w \u017caglowych odbywa si\u0119 wy\u0142\u0105cznie z postawionym masztem i bez u\u017cycia \u017cagli.<\/p>\n<p>5.      Do portu mog\u0105 zawija\u0107 statki pasa\u017cerskie o maksymalnej d\u0142ugo\u015bci kad\u0142uba 35 m.<\/p>\n<p>6.      Ka\u017cdorazowe wej\u015bcie i wyj\u015bcie statk\u00f3w pasa\u017cerskich powinno by\u0107 ustalane  z Kapitanatem drog\u0105 radiow\u0105 lub telefoniczn\u0105.<\/p>\n<p>7.      Cumowanie statk\u00f3w pasa\u017cerskich odbywa si\u0119 przy oznakowanym i wskazanym przez Kapitanat stanowisku.<\/p>\n<p>8.      Rejestr jednostek cumuj\u0105cych prowadzony jest przez Kapitanat Portu.<\/p>\n<p>9.      Zezwolenia na slipowanie i cumowanie jednostki, rozbicie namiotu i ustawienie campera lub przyczepy campingowej udziela Kapitanat Portu.<\/p>\n<p>10.  Wszelkich formalno\u015bci  zwi\u0105zanych z postojem jednostki, rozbiciem namiotu i ustawieniem campera lub przyczepy campingowej wraz ze stosown\u0105 op\u0142at\u0105 nale\u017cy dokona\u0107 w kasie Kapitanatu bezpo\u015brednio po zacumowaniu, przybyciu.<\/p>\n<p>11.  Op\u0142aty portowej dokonuje si\u0119 po wype\u0142nieniu \u201eDeklaracji postoju\/pobytu\u201d (nie dotyczy postoju do 3 godzin). Obs\u0142uga portu mo\u017ce \u017c\u0105da\u0107 okazania dokumentu potwierdzaj\u0105cego to\u017csamo\u015b\u0107.<\/p>\n<p>12.  Przy postoju\/pobycie powy\u017cej 3 godzin obowi\u0105zkowe jest uiszczenie op\u0142aty za ka\u017cd\u0105 osob\u0119 zgodnie z cennikiem.<\/p>\n<p>13.  Do os\u00f3b przebywaj\u0105cych w porcie nale\u017cy zabezpieczenie posiadanego mienia przed uszkodzeniem lub kradzie\u017c\u0105.  <\/p>\n<p>14.  Sprz\u0119t ratunkowy i przeciwpo\u017carowy znajduj\u0105cy si\u0119 na wyposa\u017ceniu portu mo\u017ce by\u0107 u\u017cywany jedynie dla cel\u00f3w ratowniczych.<\/p>\n<p>15.  \u0141odzie nale\u017cy cumowa\u0107 do kei lub y-bomu w spos\u00f3b wykluczaj\u0105cy zerwanie lin b\u0105d\u017a utrudnianie cumowania innym jednostkom.<\/p>\n<p>16.  Zabronione jest pozostawianie lu\u017anych cum na zewn\u0105trz jednostki.<\/p>\n<p>17.  Fa\u0142y powinny zosta\u0107 zabezpieczone przed wywo\u0142ywaniem ha\u0142asu.<\/p>\n<p>18.  Za bezpiecze\u0144stwo os\u00f3b niepe\u0142noletnich, przebywaj\u0105cych na terenie portu odpowiedzialni s\u0105 ich prawni opiekunowie.<\/p>\n<p>19.  W basenie portowym oraz na terenie ca\u0142ego portu zabrania si\u0119:<br \/>\n&#8211; p\u0142ywania pod \u017caglami,<br \/>\n&#8211; rzucania kotwicy,<br \/>\n&#8211; wytwarzania fali,<br \/>\n&#8211; mycia jacht\u00f3w, camper\u00f3w i przyczep campingowych z u\u017cyciem  detergent\u00f3w,<br \/>\n&#8211; mycia naczy\u0144 poza miejscem wyznaczonym,<br \/>\n&#8211; wylewania i wyrzucania za burt\u0119 jakichkolwiek zanieczyszcze\u0144,<br \/>\n&#8211; pozostawiania \u015bmieci poza przeznaczonymi na nie kontenerami,<br \/>\n&#8211; k\u0105pieli w basenie portowym,<br \/>\n&#8211; rozpalania ognisk i grilla poza miejscem wyznaczonym,<br \/>\n&#8211; prowadzenia lub pozostawiania ps\u00f3w bez smyczy lub kaga\u0144ca,<br \/>\n&#8211; niszczenia zieleni,<br \/>\n&#8211; pozostawiania w\u0142\u0105czonych urz\u0105dze\u0144 elektrycznych lub gazowych bez dozoru,<br \/>\n&#8211; wchodzenia na jacht bez zgody dysponenta jednostki,<br \/>\n&#8211; samowolnej zmiany stanowiska postojowego,<br \/>\n&#8211; zachowania niezgodnego z zasadami etykiety \u017ceglarskiej oraz stwarzaj\u0105cego<br \/>\n  zagro\u017cenie bezpiecze\u0144stwa w\u0142asnego i innych os\u00f3b.<\/p>\n","protected":false},"excerpt":{"rendered":"<p>Za\u0142\u0105cznik do Uchwa\u0142y nr IX\/35\/11 Rady Miejskiej w Gi\u017cycku z dnia 27 kwietnia 2011 roku REGULAMIN EKOMARINY GI\u017bYCKO 1. W\u0142a\u015bcicielem portu jest Gmina Miejska Gi\u017cycko a zarz\u0105dzaj\u0105cym &#8211; Miejski O\u015brodek Sportu i Rekreacji w Gi\u017cycku. 2. Prawid\u0142owym funkcjonowaniem portu oraz jego dozorem w zakresie bezpiecze\u0144stwa, [&hellip;]<\/p>\n","protected":false},"author":1,"featured_media":0,"parent":0,"menu_order":0,"comment_status":"closed","ping_status":"closed","template":"","meta":{"footnotes":""},"class_list":["post-560","page","type-page","status-publish","hentry"],"_links":{"self":[{"href":"https:\/\/mosir.gizycko.pl\/index.php?rest_route=\/wp\/v2\/pages\/560","targetHints":{"allow":["GET"]}}],"collection":[{"href":"https:\/\/mosir.gizycko.pl\/index.php?rest_route=\/wp\/v2\/pages"}],"about":[{"href":"https:\/\/mosir.gizycko.pl\/index.php?rest_route=\/wp\/v2\/types\/page"}],"author":[{"embeddable":true,"href":"https:\/\/mosir.gizycko.pl\/index.php?rest_route=\/wp\/v2\/users\/1"}],"replies":[{"embeddable":true,"href":"https:\/\/mosir.gizycko.pl\/index.php?rest_route=%2Fwp%2Fv2%2Fcomments&post=560"}],"version-history":[{"count":1,"href":"https:\/\/mosir.gizycko.pl\/index.php?rest_route=\/wp\/v2\/pages\/560\/revisions"}],"predecessor-version":[{"id":561,"href":"https:\/\/mosir.gizycko.pl\/index.php?rest_route=\/wp\/v2\/pages\/560\/revisions\/561"}],"wp:attachment":[{"href":"https:\/\/mosir.gizycko.pl\/index.php?rest_route=%2Fwp%2Fv2%2Fmedia&parent=560"}],"curies":[{"name":"wp","href":"https:\/\/api.w.org\/{rel}","templated":true}]}}